{"id":3776,"date":"2021-05-12T09:08:35","date_gmt":"2021-05-12T07:08:35","guid":{"rendered":"https:\/\/www.rutalibreautocaravanas.es\/aviso-legal\/"},"modified":"2021-05-14T15:42:44","modified_gmt":"2021-05-14T13:42:44","slug":"aviso-legal","status":"publish","type":"page","link":"https:\/\/www.rutalibreautocaravanas.es\/pt-pt\/aviso-legal\/","title":{"rendered":"Aviso legal"},"content":{"rendered":"<p><div class=\"fusion-fullwidth fullwidth-box hundred-percent-fullwidth non-hundred-percent-height-scrolling\"  style='background-color: #ececec;background-position: center center;background-repeat: no-repeat;padding-top:50px;padding-right:0px;padding-bottom:0px;padding-left:0px;margin-bottom: 75px;'><div class=\"fusion-builder-row fusion-row \"><div  class=\"fusion-layout-column fusion_builder_column fusion_builder_column_1_1  fusion-one-full fusion-column-first fusion-column-last fusion-blend-mode 1_1\"  style='margin-top:0px;margin-bottom:0px;'>\n\t\t\t\t\t<div class=\"fusion-column-wrapper\" style=\"background-color:#ececec;padding: 0px 0px 0px 0px;background-position:left top;background-repeat:no-repeat;-webkit-background-size:cover;-moz-background-size:cover;-o-background-size:cover;background-size:cover;\"  data-bg-url=\"\">\n\t\t\t\t\t\t<div class=\"fusion-title title fusion-sep-none fusion-title-center fusion-title-size-one\" style=\"margin-top:0px;margin-bottom:5px;\"><h1 class=\"title-heading-center\">Aviso legal<\/h1><\/div><div class=\"fusion-title title fusion-sep-none fusion-title-center fusion-title-size-two\" style=\"margin-top:0px;margin-bottom:50px;\"><h2 class=\"title-heading-center\">Acesso, navega\u00e7\u00e3o e uso da web<\/h2><\/div><div class=\"fusion-section-separator section-separator\" style=\"border-bottom:0px solid #f6f6f6;margin-left:-0px;margin-right:-0px;\"><div class=\"divider-candy-arrow bottom\" style=\"top:0px;border-top-color: #f68b1f;\"><\/div><div class=\"divider-candy bottom\" style=\"bottom:-20px;border-bottom:1px solid #f6f6f6;border-left:1px solid #f6f6f6;\"><\/div><\/div><div class=\"fusion-clearfix\"><\/div>\n\n\t\t\t\t\t<\/div>\n\t\t\t\t<\/div><\/div><\/div><div class=\"fusion-fullwidth fullwidth-box nonhundred-percent-fullwidth non-hundred-percent-height-scrolling\"  style='background-color: rgba(255,255,255,0);background-position: center center;background-repeat: no-repeat;padding-top:0px;padding-right:0px;padding-bottom:0px;padding-left:0px;'><div class=\"fusion-builder-row fusion-row \"><div  class=\"fusion-layout-column fusion_builder_column fusion_builder_column_1_1  fusion-one-full fusion-column-first fusion-column-last 1_1\"  style='margin-top:0px;margin-bottom:0px;'>\n\t\t\t\t\t<div class=\"fusion-column-wrapper\" style=\"padding: 0px 0px 0px 0px;background-position:left top;background-repeat:no-repeat;-webkit-background-size:cover;-moz-background-size:cover;-o-background-size:cover;background-size:cover;\"  data-bg-url=\"\">\n\t\t\t\t\t\t<div class=\"fusion-text\"><p>Informamos a seguir as condi\u00e7\u00f5es que regulam o acesso, a navega\u00e7\u00e3o e a utiliza\u00e7\u00e3o de cada uma das p\u00e1ginas web a partir das quais os servi\u00e7os de aluguer de autocaravanas s\u00e3o comercializados sob a marca \u201cRUTA LIBRE\u201d, localizadas nos dom\u00ednios\u00a0<strong>www.rutalibreautocaravanas.es<\/strong> e <strong>www.rutalibre.es<\/strong> (indistintamente, \u201cO Site\u201d), propriedade de Mar\u00eda Jos\u00e9 P\u00e9rez S\u00edas (\u201cO Titular do Site\u201d), em conformidade com o disposto na Lei 34\/2002, de 11 de julho, sobre Servi\u00e7os da Sociedade da Informa\u00e7\u00e3o e Com\u00e9rcio Eletr\u00f4nico (\u201cLSSICE\u201d) e regulamentos correspondentes, bem como o referido Propriet\u00e1rio do Site.<\/p>\n<p>Dada a facilidade de acesso para o Utilizador e, portanto, a visibilidade deste \u201cAVISO LEGAL\u201d, se continuar a navegar no Site, pressupomos que leu, compreendeu e aceitou livremente o disposto em cada uma das sec\u00e7\u00f5es desenvolvidas a seguir.<\/p>\n<h3><span style=\"color: #f68b1f;\">Informa\u00e7\u00f5es sobre o propriet\u00e1rio do website<\/span><\/h3>\n<p>De acordo com as disposi\u00e7\u00f5es do artigo 10 da LSSICE, informamos que o Propriet\u00e1rio do Site, fornecido com N.I.F. 08.868.287-Q, tem um estabelecimento permanente na localidade de Tui (Pontevedra), na Ctra. Km 70 Tui-A Guarda, Bouzabalada (Zonas), C.P. 36711.<\/p>\n<p>O Utilizador pode comunicar com o Dono do Website por telefone, atrav\u00e9s dos telefones +34 986 60 52 57 ou +34 637 93 96 01, bem como atrav\u00e9s do formul\u00e1rio que lhe disponibilizamos permanentemente na sec\u00e7\u00e3o \u201cCONTACTO\u201d, redireccionado para o email de \u201cRUTA LIBRE\u201d.<\/p>\n<p>Como ver\u00e1 quando estiver pronto para nos enviar qualquer consulta atrav\u00e9s do formul\u00e1rio comentado, dever\u00e1 assinalar a caixa ao lado da men\u00e7\u00e3o que leu e compreendeu a nossa Pol\u00edtica de Privacidade no tratamento de dados pessoais que nos fornece atrav\u00e9s do referido formul\u00e1rio. Caso contr\u00e1rio, n\u00e3o poderemos processar a sua consulta porque o sistema ir\u00e1 impedir o seu envio para proteger a sua privacidade, at\u00e9 que leia e assinale a caixa indicada.<\/p>\n<h3><span style=\"color: #f68b1f;\">Propriedade intelectual<\/span><\/h3>\n<p>&#8211; A propriedade intelectual das cria\u00e7\u00f5es que integram o Website (c\u00f3digo-fonte, design, estrutura de navega\u00e7\u00e3o, textos, c\u00f3digo-fonte e outros) pertence ao Titular do Website, quer por gozar de propriedade exclusiva dos direitos de explora\u00e7\u00e3o de tais elementos (especialmente, os direitos de transforma\u00e7\u00e3o, distribui\u00e7\u00e3o, reprodu\u00e7\u00e3o e comunica\u00e7\u00e3o p\u00fablica; por exemplo, v\u00e1rias fotografias) ou por ter as licen\u00e7as correspondentes (por exemplo, qualquer fotografia).<\/p>\n<p>&#8211; Consequentemente, qualquer forma de explora\u00e7\u00e3o (reprodu\u00e7\u00e3o, distribui\u00e7\u00e3o, transfer\u00eancia a terceiros, comunica\u00e7\u00e3o p\u00fablica e transforma\u00e7\u00e3o) de todo ou parte do Website ou das informa\u00e7\u00f5es e elementos nele contidos \u00e9 proibida, sem autoriza\u00e7\u00e3o pr\u00e9via expressamente concedida pelo Propriet\u00e1rio do Website, exceto para visualiza\u00e7\u00e3o ou impress\u00e3o de conte\u00fado para uso pessoal e privado. Em caso de incumprimento destas disposi\u00e7\u00f5es, o autor da infrac\u00e7\u00e3o ficar\u00e1 exposto \u00e0s consequ\u00eancias das respectivas reclama\u00e7\u00f5es, nos termos da legisla\u00e7\u00e3o em vigor.<\/p>\n<h3><span style=\"color: #f68b1f;\">Atualiza\u00e7\u00e3o de conte\u00fado<\/span><\/h3>\n<p>O Dono do Website reserva-se o direito de renovar ou modificar qualquer conte\u00fado deste a fim de introduzir as melhorias que julgar convenientes, a qualquer momento e sem a necessidade de pr\u00e9vio aviso ao usu\u00e1rio.<\/p>\n<h3><span style=\"color: #f68b1f;\">Isen\u00e7\u00e3o de responsabilidade<\/span><\/h3>\n<p>O Propriet\u00e1rio do Website n\u00e3o garante a aus\u00eancia de erros ou interrup\u00e7\u00f5es no acesso ao Website e\/ou seu conte\u00fado, nem que ele seja atualizado a todo momento. Por\u00e9m, logo que tome conhecimento de tais incidentes, compromete-se a realizar as tarefas que se fa\u00e7am necess\u00e1rias para corrigi-los, a menos que haja causas que o impossibilitem ou sua execu\u00e7\u00e3o seja extremamente complexa.<\/p>\n<p>No caso de o Dono do Site vincular informa\u00e7\u00f5es ou servi\u00e7os de terceiros do Website, isso n\u00e3o implicar\u00e1 que haja qualquer rela\u00e7\u00e3o de colabora\u00e7\u00e3o ou depend\u00eancia entre o Dono do Website e o respons\u00e1vel pelo Website do outro. Por este motivo, o propriet\u00e1rio do Website n\u00e3o \u00e9 respons\u00e1vel pelos conte\u00fados, nem garante a aus\u00eancia de v\u00edrus ou outros elementos que possam estar localizados em tais Websites estrangeiros, nem pelas altera\u00e7\u00f5es que possam ocorrer no sistema inform\u00e1tico, documentos ou arquivos do usu\u00e1rio .<\/p>\n<p>Da mesma forma, o propriet\u00e1rio do Website n\u00e3o ser\u00e1 respons\u00e1vel por quaisquer danos que o sistema do computador, documentos ou arquivos do usu\u00e1rio possam sofrer devido \u00e0 presen\u00e7a de erros de seguran\u00e7a que possam ocorrer, como v\u00edrus no computador usado pelo usu\u00e1rio para se conectar aos servi\u00e7os e conte\u00fado do Website ou mau funcionamento do navegador.<\/p>\n<h3><span style=\"color: #f68b1f;\">Interven\u00e7\u00e3o do usu\u00e1rio<\/span><\/h3>\n<p>O Website permitir\u00e1 ao Usu\u00e1rio emitir os coment\u00e1rios\/opini\u00f5es que considerar livremente adequados, com a \u00fanica limita\u00e7\u00e3o de que devem ser formulados no que diz respeito \u00e0 moralidade, ordem p\u00fablica e os usos geralmente aceitos como corretos, bem como as presentes condi\u00e7\u00f5es gerais de acesso e uso.<\/p>\n<p>Especificamente, tais declara\u00e7\u00f5es do Usu\u00e1rio devem ser l\u00edcitas e verdadeiras, e devem abster-se de incorporar-lhes conte\u00fado e\/ou links difamat\u00f3rios, injuriosos ou ofensivos, caso em que nunca representar\u00e3o as opini\u00f5es do Propriet\u00e1rio do Website. Se o Usu\u00e1rio agir de outra forma, o Propriet\u00e1rio do Website reserva-se o direito de proceder \u00e0 elimina\u00e7\u00e3o imediata de tais declara\u00e7\u00f5es assim que tiver conhecimento delas.<\/p>\n<\/div><div class=\"fusion-clearfix\"><\/div>\n\n\t\t\t\t\t<\/div>\n\t\t\t\t<\/div><\/div><\/div><\/p>\n","protected":false},"excerpt":{"rendered":"","protected":false},"author":1,"featured_media":0,"parent":0,"menu_order":0,"comment_status":"closed","ping_status":"closed","template":"100-width.php","meta":[],"_links":{"self":[{"href":"https:\/\/www.rutalibreautocaravanas.es\/pt-pt\/wp-json\/wp\/v2\/pages\/3776"}],"collection":[{"href":"https:\/\/www.rutalibreautocaravanas.es\/pt-pt\/wp-json\/wp\/v2\/pages"}],"about":[{"href":"https:\/\/www.rutalibreautocaravanas.es\/pt-pt\/wp-json\/wp\/v2\/types\/page"}],"author":[{"embeddable":true,"href":"https:\/\/www.rutalibreautocaravanas.es\/pt-pt\/wp-json\/wp\/v2\/users\/1"}],"replies":[{"embeddable":true,"href":"https:\/\/www.rutalibreautocaravanas.es\/pt-pt\/wp-json\/wp\/v2\/comments?post=3776"}],"version-history":[{"count":2,"href":"https:\/\/www.rutalibreautocaravanas.es\/pt-pt\/wp-json\/wp\/v2\/pages\/3776\/revisions"}],"predecessor-version":[{"id":4625,"href":"https:\/\/www.rutalibreautocaravanas.es\/pt-pt\/wp-json\/wp\/v2\/pages\/3776\/revisions\/4625"}],"wp:attachment":[{"href":"https:\/\/www.rutalibreautocaravanas.es\/pt-pt\/wp-json\/wp\/v2\/media?parent=3776"}],"curies":[{"name":"wp","href":"https:\/\/api.w.org\/{rel}","templated":true}]}}

<p><div class="fusion-fullwidth fullwidth-box hundred-percent-fullwidth non-hundred-percent-height-scrolling"  style='background-color: #ececec;background-position: center center;background-repeat: no-repeat;padding-top:50px;padding-right:0px;padding-bottom:0px;padding-left:0px;margin-bottom: 75px;'><div class="fusion-builder-row fusion-row "><div  class="fusion-layout-column fusion_builder_column fusion_builder_column_1_1  fusion-one-full fusion-column-first fusion-column-last fusion-blend-mode 1_1"  style='margin-top:0px;margin-bottom:0px;'>
					<div class="fusion-column-wrapper" style="background-color:#ececec;padding: 0px 0px 0px 0px;background-position:left top;background-repeat:no-repeat;-webkit-background-size:cover;-moz-background-size:cover;-o-background-size:cover;background-size:cover;"  data-bg-url="">
						<div class="fusion-title title fusion-sep-none fusion-title-center fusion-title-size-one" style="margin-top:0px;margin-bottom:5px;"><h1 class="title-heading-center">Aviso legal</h1></div><div class="fusion-title title fusion-sep-none fusion-title-center fusion-title-size-two" style="margin-top:0px;margin-bottom:50px;"><h2 class="title-heading-center">Acesso, navegação e uso da web</h2></div><div class="fusion-section-separator section-separator" style="border-bottom:0px solid #f6f6f6;margin-left:-0px;margin-right:-0px;"><div class="divider-candy-arrow bottom" style="top:0px;border-top-color: #f68b1f;"></div><div class="divider-candy bottom" style="bottom:-20px;border-bottom:1px solid #f6f6f6;border-left:1px solid #f6f6f6;"></div></div><div class="fusion-clearfix"></div>

					</div>
				</div></div></div><div class="fusion-fullwidth fullwidth-box nonhundred-percent-fullwidth non-hundred-percent-height-scrolling"  style='background-color: rgba(255,255,255,0);background-position: center center;background-repeat: no-repeat;padding-top:0px;padding-right:0px;padding-bottom:0px;padding-left:0px;'><div class="fusion-builder-row fusion-row "><div  class="fusion-layout-column fusion_builder_column fusion_builder_column_1_1  fusion-one-full fusion-column-first fusion-column-last 1_1"  style='margin-top:0px;margin-bottom:0px;'>
					<div class="fusion-column-wrapper" style="padding: 0px 0px 0px 0px;background-position:left top;background-repeat:no-repeat;-webkit-background-size:cover;-moz-background-size:cover;-o-background-size:cover;background-size:cover;"  data-bg-url="">
						<div class="fusion-text"><p>Informamos a seguir as condições que regulam o acesso, a navegação e a utilização de cada uma das páginas web a partir das quais os serviços de aluguer de autocaravanas são comercializados sob a marca “RUTA LIBRE”, localizadas nos domínios <strong>www.rutalibreautocaravanas.es</strong> e <strong>www.rutalibre.es</strong> (indistintamente, “O Site”), propriedade de María José Pérez Sías (“O Titular do Site”), em conformidade com o disposto na Lei 34/2002, de 11 de julho, sobre Serviços da Sociedade da Informação e Comércio Eletrônico (“LSSICE”) e regulamentos correspondentes, bem como o referido Proprietário do Site.</p>
<p>Dada a facilidade de acesso para o Utilizador e, portanto, a visibilidade deste “AVISO LEGAL”, se continuar a navegar no Site, pressupomos que leu, compreendeu e aceitou livremente o disposto em cada uma das secções desenvolvidas a seguir.</p>
<h3><span style="color: #f68b1f;">Informações sobre o proprietário do website</span></h3>
<p>De acordo com as disposições do artigo 10 da LSSICE, informamos que o Proprietário do Site, fornecido com N.I.F. 08.868.287-Q, tem um estabelecimento permanente na localidade de Tui (Pontevedra), na Ctra. Km 70 Tui-A Guarda, Bouzabalada (Zonas), C.P. 36711.</p>
<p>O Utilizador pode comunicar com o Dono do Website por telefone, através dos telefones +34 986 60 52 57 ou +34 637 93 96 01, bem como através do formulário que lhe disponibilizamos permanentemente na secção “CONTACTO”, redireccionado para o email de “RUTA LIBRE”.</p>
<p>Como verá quando estiver pronto para nos enviar qualquer consulta através do formulário comentado, deverá assinalar a caixa ao lado da menção que leu e compreendeu a nossa Política de Privacidade no tratamento de dados pessoais que nos fornece através do referido formulário. Caso contrário, não poderemos processar a sua consulta porque o sistema irá impedir o seu envio para proteger a sua privacidade, até que leia e assinale a caixa indicada.</p>
<h3><span style="color: #f68b1f;">Propriedade intelectual</span></h3>
<p>&#8211; A propriedade intelectual das criações que integram o Website (código-fonte, design, estrutura de navegação, textos, código-fonte e outros) pertence ao Titular do Website, quer por gozar de propriedade exclusiva dos direitos de exploração de tais elementos (especialmente, os direitos de transformação, distribuição, reprodução e comunicação pública; por exemplo, várias fotografias) ou por ter as licenças correspondentes (por exemplo, qualquer fotografia).</p>
<p>&#8211; Consequentemente, qualquer forma de exploração (reprodução, distribuição, transferência a terceiros, comunicação pública e transformação) de todo ou parte do Website ou das informações e elementos nele contidos é proibida, sem autorização prévia expressamente concedida pelo Proprietário do Website, exceto para visualização ou impressão de conteúdo para uso pessoal e privado. Em caso de incumprimento destas disposições, o autor da infracção ficará exposto às consequências das respectivas reclamações, nos termos da legislação em vigor.</p>
<h3><span style="color: #f68b1f;">Atualização de conteúdo</span></h3>
<p>O Dono do Website reserva-se o direito de renovar ou modificar qualquer conteúdo deste a fim de introduzir as melhorias que julgar convenientes, a qualquer momento e sem a necessidade de prévio aviso ao usuário.</p>
<h3><span style="color: #f68b1f;">Isenção de responsabilidade</span></h3>
<p>O Proprietário do Website não garante a ausência de erros ou interrupções no acesso ao Website e/ou seu conteúdo, nem que ele seja atualizado a todo momento. Porém, logo que tome conhecimento de tais incidentes, compromete-se a realizar as tarefas que se façam necessárias para corrigi-los, a menos que haja causas que o impossibilitem ou sua execução seja extremamente complexa.</p>
<p>No caso de o Dono do Site vincular informações ou serviços de terceiros do Website, isso não implicará que haja qualquer relação de colaboração ou dependência entre o Dono do Website e o responsável pelo Website do outro. Por este motivo, o proprietário do Website não é responsável pelos conteúdos, nem garante a ausência de vírus ou outros elementos que possam estar localizados em tais Websites estrangeiros, nem pelas alterações que possam ocorrer no sistema informático, documentos ou arquivos do usuário .</p>
<p>Da mesma forma, o proprietário do Website não será responsável por quaisquer danos que o sistema do computador, documentos ou arquivos do usuário possam sofrer devido à presença de erros de segurança que possam ocorrer, como vírus no computador usado pelo usuário para se conectar aos serviços e conteúdo do Website ou mau funcionamento do navegador.</p>
<h3><span style="color: #f68b1f;">Intervenção do usuário</span></h3>
<p>O Website permitirá ao Usuário emitir os comentários/opiniões que considerar livremente adequados, com a única limitação de que devem ser formulados no que diz respeito à moralidade, ordem pública e os usos geralmente aceitos como corretos, bem como as presentes condições gerais de acesso e uso.</p>
<p>Especificamente, tais declarações do Usuário devem ser lícitas e verdadeiras, e devem abster-se de incorporar-lhes conteúdo e/ou links difamatórios, injuriosos ou ofensivos, caso em que nunca representarão as opiniões do Proprietário do Website. Se o Usuário agir de outra forma, o Proprietário do Website reserva-se o direito de proceder à eliminação imediata de tais declarações assim que tiver conhecimento delas.</p>
</div><div class="fusion-clearfix"></div>

					</div>
				</div></div></div></p>
